ose -2*a + f = -a. Let h = a + 10. List the prime factors of h.
31
Let h(v) be the second derivative of v**3/6 + 13*v**2/2 - v. Suppose -2*d + 30 = -5*d. What are the prime factors of h(d)?
3
Let f = 470 + -266. List the prime factors of f.
2, 3, 17
Suppose -3*i - 5*q = 50, 3*i + q + q + 56 = 0. Let k(w) = -5*w - 8. What are the prime factors of k(i)?
2, 23
Let z(q) = -q**2 + 7. Let b be z(0). Suppose -b*k + 5 = -30. What are the prime factors of k?
5
Let t(s) = -s**3 + 10*s**2 + 2*s - 5. Let p(k) be the first derivative of 3*k**3 + k**2/2 + 11. Let v be p(1). List the prime factors of t(v).
3, 5
Let b be (25/10)/((-2)/(-28)). Suppose -4*w = w + 100. Let q = w + b. List the prime factors of q.
3, 5
Let n be 24 - ((-2)/2 + 1). Let f = n + 11. List the prime factors of ((-32)/10)/((-7)/f).
2
Let y = -39 + 42. Suppose 378 = y*g + 3*g. List the prime factors of g.
3, 7
Suppose b - 20 = -4*m, 5 = 5*b - 2*b + m. Suppose 8 + b = -4*l, 4*p = 2*l + 12. List the prime factors of p.
2
Suppose 5*c = -5*u + 1805, 4*u = u + 9. What are the prime factors of c?
2, 179
Let i(r) = 7*r**2 + 1. Let d be i(-1). Suppose -d*g + 999 + 65 = 0. List the prime factors of g.
7, 19
Suppose -3*w + 4309 - 817 = 3*x, 2*w = -2. What are the prime factors of x?
5, 233
Let s(u) = -u + 16. Let q be s(15). What are the prime factors of ((20/1)/q)/(4/18)?
2, 3, 5
Let a = 2 + 8. Let i be (-616)/a + 8/(-20). Let k = -43 - i. What are the prime factors of k?
19
Let d(l) = -l**3 + 8*l**2 - l + 10. Let t be d(8). Suppose -a + 28 = 4*j - 2, -t*j + 22 = a. What are the prime factors of a?
2, 7
Suppose -3*u - 100 = -4*o - 5*u, o = -4*u + 39. Suppose -4*g = -2*q - 2*g + 34, 5 = -g. Let t = o - q. What are the prime factors of t?
11
Suppose 0 = 3*q - 12, 4*c = -q - 0*q + 20. Suppose -2*z = 3*k - 21, -k + c*z - 5 = 2. List the prime factors of k.
5
Suppose -2*t + 14 = -k, -4*t + 0*k + 3*k + 32 = 0. Suppose t*l = -139 + 494. What are the prime factors of l?
71
Let b(s) = -s**3 + 6*s**2 + 8*s - 4. Let r be b(7). Suppose r*l - 579 - 351 = 0. Suppose -6*o + l = -2. List the prime factors of o.
2, 13
Let q = 1484 + -751. What are the prime factors of q?
733
Let g = -1261 + 2662. What are the prime factors of g?
3, 467
Suppose 677*l - 53508 = 663*l. List the prime factors of l.
2, 3, 7, 13
Let t = -100 + 146. Suppose -w + 4*j = -t, 0 = -j - 4*j - 20. List the prime factors of 49/21*(w - 0).
2, 5, 7
Suppose -5*r = 4*t - 25925, 3*r - 8*t - 11291 = 4212. What are the prime factors of r?
3, 11, 157
Let g = 2093 + -590. List the prime factors of g.
3, 167
Let j(i) = -i**3 - 7*i**2 - i - 1. Let c be j(-7). Let u be (-2)/c - 14/(-6). Suppose -p - 16 = -u*p + 3*l, 0 = p + 5*l - 56. List the prime factors of p.
31
Let m = -114 + 85. Let o = m + 231. List the prime factors of o.
2, 101
Let a = -32 + 34. What are the prime factors of -3 + (53 - (-6)/a)?
53
Let h be 8/20 - (-386)/10. Let b be h/12 - 4/16. Suppose -b*j - 2*f + 58 = -f, -5*j + 90 = 3*f. What are the prime factors of j?
3, 7
Let u(o) be the second derivative of -o**4/12 + 3*o**3/2 + 5*o**2 - 8*o. List the prime factors of u(8).
2, 3
Suppose 6*m = -582 + 10974. What are the prime factors of m?
2, 433
Let y be ((-14)/(-2))/1 + (-57)/19. Suppose 0*h + 88 = 2*c + 4*h, 236 = y*c - 4*h. What are the prime factors of c?
2, 3
Let j be (-487)/((-2)/6*3). Let x = -272 + j. What are the prime factors of x?
5, 43
Let k(s) = -s**3 + 8*s**2 + 22*s + 5. Let h be k(10). Let z = -11 + h. What are the prime factors of z?
2, 7
Suppose 12*d + 6*d = 3474. What are the prime factors of d?
193
Let i(m) = m**2 + 13*m + 4. Let z be i(-14). List the prime factors of 10/4*z + 9 + -11.
43
Let z = 17 + -8. Suppose -z = -6*x + 183. What are the prime factors of x?
2
Suppose 3*i = -15, 9*b - 14*b - 5*i = -7455. List the prime factors of b.
2, 11, 17
Let i = 44 + -42. List the prime factors of (-267)/(-6)*(3 + -3 + i).
89
Let r = -669 + 966. What are the prime factors of r?
3, 11
Let n be (1*2)/(2 + 209/(-105)). Suppose 3*d + n = 2*b + d, 0 = -5*b - 5*d + 515. What are the prime factors of b?
2, 13
List the prime factors of -3*(-12)/(-6) + 908.
2, 11, 41
Let r(l) = -15*l - 2. Let p be ((-1)/1)/((-2)/10). Let i(m) = -m - 1. Let u(j) = p*i(j) - r(j). What are the prime factors of u(2)?
17
Let n be 0 + 0 + (1 - -2). Suppose r - n = 2*h + 6*r, 3*h - 4*r = 30. List the prime factors of h.
2, 3
Suppose -14*d = -938 - 266. List the prime factors of d.
2, 43
Let h(u) = -19*u - 5 + 2*u**3 + u**2 + 13*u**2 + 13*u. List the prime factors of h(-7).
37
Suppose 0 = 4*r - 2*r. Let t = r + -8. List the prime factors of 100/t*32/(-10).
2, 5
Let w = 7 - 3. Let g be w*(0 - (-237)/12). Suppose -4*k - g = -3*r, r - k = -4*k + 22. List the prime factors of r.
5
Suppose -2*c + 34*m = 30*m - 4058, -4*m - 10127 = -5*c. List the prime factors of c.
7, 17
Let v(o) = 119*o - 3. Let s be (2/5)/(5/25). List the prime factors of v(s).
5, 47
Suppose -9 + 3 = -i. Let s(b) be the third derivative of -b**6/120 + 2*b**5/15 - b**4/8 - 2*b**3 - b**2 - 3. What are the prime factors of s(i)?
2, 3, 7
Suppose -p - 12 = -2*n + 5, -5*n + 2*p = -42. Suppose -2*o - 3*o = 15, -3*a = o - 6. Suppose d - 3*d = 5*y - n, d - a = -2*y. List the prime factors of y.
2
Let b(s) = -2*s**3 - 8*s**2 - s + 5. Let v be b(-6). Suppose 5*i = -v + 900. Suppose t - 4*c - 38 = 0, -5*c = -4*t + i + 3. What are the prime factors of t?
2, 19
Suppose -10 = -2*n + 2*a, 3*n + a + 1 = 2*n. Suppose n*t = 3*t + 4. List the prime factors of 16 - (t - -2 - -2).
2
Let c = 2039 + -938. What are the prime factors of c?
3, 367
Suppose 0 = -2*y - 2*y + 260. Let r be y + (3/1)/(-3). Suppose w + 21 = z + 5*w, -3*w - r = -2*z. What are the prime factors of z?
29
Let c = 796 + 1621. List the prime factors of c.
2417
Let w(z) be the first derivative of 11*z**5/30 - z**4/12 + z**3/6 - 3*z**2/2 - 1. Let a(j) be the second derivative of w(j). List the prime factors of a(1).
3, 7
Suppose 2*c = 4*y - 3*c - 5811, -4387 = -3*y - 2*c. Suppose -5*p + 4*i = -y, -3*p + 2*i + i + 873 = 0. List the prime factors of p.
5, 59
Let p(h) be the first derivative of 2*h**2 - 19*h + 6. Let m be p(18). Let z = 79 - m. List the prime factors of z.
2, 13
Let n be 2 - 0*1/3. Let b(t) = -8*t**n + 3*t + 13 + t**3 + t**2 - 2*t - 18. List the prime factors of b(7).
2
Let k = -162 + 166. Let l(g) = 3*g**2 + 7*g - 8. List the prime factors of l(k).
2, 17
Let l(s) = -287*s + 47. List the prime factors of l(-3).
2, 227
Let b = 16 - 11. Suppose -4 = -2*y + 4. Suppose 0 = -4*m + b*d + 37, 1 = -y*m + d + 18. What are the prime factors of m?
3
Suppose 2*a - 153 = 617. What are the prime factors of a?
5, 7, 11
What are the prime factors of (54/90)/((-1)/(-285))?
3, 19
Let g(p) = -8*p. Let l be g(2). Let x be (l/(-6))/((-2)/(-3)). Suppose 4*t - 2*y - 2*y = 48, 2*t = -x*y. What are the prime factors of t?
2
Suppose -74*f = -28*f - 57868. What are the prime factors of f?
2, 17, 37
Let m(x) = -3*x - 6. Suppose 3*n = -3*q - 30, -35 = 4*n - 4*q + 3*q. What are the prime factors of m(n)?
3, 7
Suppose -2*t + 5*u - 85 - 50 = 0, -3*t = -u + 222. Let y = -29 - t. List the prime factors of y.
2, 23
Let k be (324/63)/(1/7). List the prime factors of 2718/k + (-1)/2.
3, 5
Let u = -58 - -65. List the prime factors of (-23 + 0 - (u + -10))*-4.
2, 5
Suppose -2*k + 3*q + 992 = 0, k - q - 522 = -6*q. What are the prime factors of k?
2, 251
Suppose -19 = -2*z - 4*j + 3*j, -43 = -4*z + 3*j. Let g = 15 - z. Suppose -3*l = 5*r - 25, 3*l = g*r - 2*r + 33. List the prime factors of l.
2, 5
Suppose 51*m + 32 = 53*m. Suppose -22*n + 558 = -m*n. What are the prime factors of n?
3, 31
Suppose -2*m - z = -123, 5*z - 25 = -0*z. Let b be (4/(-3))/((-5)/345). Let u = b - m. List the prime factors of u.
3, 11
Let h be (-11 - 2)*(-6)/3. Let q = -16 + h. Let c = 23 - q. List the prime factors of c.
13
Let b(s) = s**3 + 10*s**2 + 9*s + 6. Let g be b(-9). Let n(t) = 7*t - 8. What are the prime factors of n(g)?
2, 17
Let q = 14 + -10. Suppose q*b - 220 = -0*b. List the prime factors of b.
5, 11
Let s(c) be the first derivative of -c**3/3 - 13*c**2 - c - 36. What are the prime factors of s(-13)?
2, 3, 7
Let i = 373 + 179. List the prime factors of i.
2, 3, 23
Suppose 91907 = 45*a - 20188. List the prime factors of a.
47, 53
Let l be 